*d - 7*d**2. What is f(-6)?
-1
Suppose 7 = -5*v + 3*w, 5*w = -5*v + 2*w - 13. Let b(s) = s**2 + 4*s + 2. Give b(v).
-2
Let z(t) be the third derivative of -t**5/30 + 7*t**4/24 - 7*t**3/6 - 5*t**2. Let p(l) = l**2 + 7*l - 21. Let a be p(-10). Let i = -4 + a. Give z(i).
-22
Let n(z) = -12*z**3 - z**2 - 2*z - 1. Let m be (-6)/(-33) + (-31)/(-11). Suppose -3*c = 6 - m. Calculate n(c).
12
Let p(f) = -71*f + 5 + 3*f**2 - f**2 + 82*f + 10*f**2 + f**3. Determine p(-11).
5
Let z(h) = -4*h - 4. Let u(o) = -4*o - 4. Let w(i) = 5*u(i) - 4*z(i). Let a = 108 + -111. Calculate w(a).
8
Let c be (-24)/40 - (-6)/10. Suppose c*y - y - 1 = 0. Let r be (y - -1)*2/(-2). Let g(q) = -q**3 - q**2 - q + 11. What is g(r)?
11
Let t(g) = -g**2 + 6*g - 4. Let p = -85 - -97. Suppose -12 = -6*u + p. What is t(u)?
4
Let z(t) = -t + 11. Suppose -q + 4*g - 4 + 2 = 0, 4*q - g - 7 = 0. Let d(x) = 2*x - 11. Let j(w) = q*d(w) + 3*z(w). What is j(-7)?
4
Let r(u) = u**2 + 4*u + 4. Let f = 29 - 14. Let a be -1*9*5/f. What is r(a)?
1
Let y(d) = d**3 + 6*d**2 + d + 3. Let z be y(-5). Let v = z - 23. Suppose -4*m - 5 - 3 = v. Let b(f) = -f**2 - 2*f + 1. Determine b(m).
1
Let p(k) = -k - 5. Let c be p(0). Suppose -2*s + 3*w + 0*w + 7 = 0, -9 = -2*s + 5*w. Let i(r) = -4*r - 2*r**2 - 1 + 5*r**s - 3*r**2 - r**2. Calculate i(c).
-6
Let x be -21*(-7)/((-105)/(-20)). Let v(j) = 29 + 7*j - x - 3*j - 2*j. Calculate v(4).
9
Let g = -709 - -709. Let t(y) be the third derivative of g*y + 1/60*y**5 - y**3 - 6*y**2 + 1/24*y**4 + 0. Calculate t(0).
-6
Let r = 763 - 762. Let t(z) = 12*z**3 - z**2 + z - 1. Calculate t(r).
11
Let w(l) = 4 + 16*l + 3*l - 17*l. Give w(-2).
0
Let j(l) be the third derivative of -1/30*l**5 - 1/12*l**4 + 1/120*l**6 + 0 + 1/6*l**3 + 0*l + 15*l**2. Let q = 4 + -6. Give j(q).
-11
Let n(q) = 7*q + 21*q - 29*q. Determine n(13).
-13
Let m(x) = 2*x**2 - 28*x + 2. Let z be m(14). Let h = 19 - 17. Let v(g) = 110*g - 110*g + h*g**2. Give v(z).
8
Let m(i) = -9*i**3 - 8*i - 7*i + 10*i + 6*i**2 + 8 + 10*i**3. What is m(-7)?
-6
Let a(t) = 2158*t**2 - 5*t - 2157*t**2 + 2*t. What is a(3)?
0
Let w(c) = c**3 - 4*c**2 - 7*c + 7. Let p = 4 + -11. Let x be (-2)/(-7) + (-19)/p. Let q = 8 - x. What is w(q)?
-3
Let j = 65 + -66. Let q(c) = 3*c. Calculate q(j).
-3
Let t(i) = -2*i - 2. Let v be t(0). Let u be 0/v + 1 + 2. Suppose -8*s + u*s - 2*y = 0, 4*s + 7 = -3*y. Let f(d) = -4*d + 1. Determine f(s).
-7
Let z(h) = -2*h**3 - 5*h**2 - 3*h - 18. Let k be z(-3). Let f(l) = -3*l - 1. Let x(d) = 13*d + 5. Let w(y) = 9*f(y) + 2*x(y). Give w(k).
1
Let h(x) = -x**2 - x. Let d(w) = -2*w**2 - 5*w + 4. Let a(b) = -d(b) + 3*h(b). What is a(3)?
-7
Let p(k) = -7*k**3 - 9*k**2 - 10*k + 8. Let h(z) = 11*z**3 + 10*z**2 + 10*z - 7. Let f(a) = -2*h(a) - 3*p(a). Let y = -13 + 21. Give f(y).
6
Let m(f) = 41 + 35 - 75. Let t(p) = 2*p - 2. Let k(n) = -3*m(n) - t(n). Calculate k(-3).
5
Let b be (-4 + 3)*(-1 - 2). Suppose 3*o - 3 = 0, b*v - 13 = -2*o - 5. Let k(z) = -2*z + 1 + 2*z**3 + 0*z + 0*z**v + 2*z**2 - z**3. Determine k(1).
2
Let n(a) = a**3 + 4*a**2 - 3*a + 6. Let c = 35 + -44. Let f be 1 + 8/12*c. Give n(f).
-4
Suppose 2*o = -2*o + 24. Let s be o/2 + -2 + 1. Let h(r) = s*r - 7*r - 1 - r. Calculate h(1).
-7
Let q(p) = -18 + 30 + p**2 + 0*p**2 + 4*p - 5*p - 21. What is q(4)?
3
Let h = -14 + 6. Let a(d) = d**3 + 2*d**2 - 6*d + 19. Let j(c) = -c**3 - 3*c**2 + 6*c - 17. Let w(x) = -4*a(x) - 5*j(x). Give w(h).
-7
Let y(c) be the second derivative of -5*c**3/3 - 5*c**2/2 + 140*c. Calculate y(-4).
35
Let o(f) = 5*f**3 - 8*f**2 - f + 5. Let a(l) = 17*l**3 - 24*l**2 - 2*l + 15. Let j(u) = -2*a(u) + 7*o(u). What is j(8)?
-19
Let m(o) be the second derivative of -o**5/20 - 5*o**4/12 + 7*o**3/6 + 2*o**2 - 3*o + 6. Determine m(-5).
-31
Let i(d) be the first derivative of -1/3*d**3 + 23 - 2*d**2 + d. Give i(-3).
4
Let h = -9136 + 9139. Let s(q) = 2 + q**3 + 0 - 4*q**2 + 3*q - 6. Give s(h).
-4
Let u(a) = -1 - a - 9 + 9. Let h be (-2*1)/(1/2). Give u(h).
3
Let n be -5 + -4*(-1 + 2). Let l(u) = u**3 + 10*u**2 + 7*u - 17. Let h be l(n). Let s(d) = d**3 + 8*d**3 + 0*d + 2*d - d**2 - 1. Give s(h).
9
Suppose 0 = 4*u + 3*d - 68, d = -22*u + 17*u + 74. Let m(v) = -3*v + 11. Give m(u).
-31
Let t(j) = -3*j**2 + 5*j - 5. Let y(n) = -7*n**2 + 9*n - 10. Let b(p) = 5*t(p) - 2*y(p). Calculate b(7).
-5
Let v(n) be the third derivative of -n**7/5040 + n**6/360 - n**5/60 + 11*n**2. Let g(b) be the third derivative of v(b). What is g(-3)?
5
Suppose -19 = -5*r - 4. Let i be (3/(-6))/(r/72). Let n = i - -7. Let z(x) = x + 9. Calculate z(n).
4
Let j(l) = -l**2 - 8*l + 9. Let g(x) = -1. Let u(n) = 2*g(n) - j(n). Suppose -17*w - 117 - 36 = 0. Give u(w).
-2
Let h(w) = -w**3 - 3*w**2 + 2*w - 4. Let z = -53 - -50. Give h(z).
-10
Let d(h) = -4*h**2 + 4. Let a be d(2). Let n = 6 + a. Let b(r) = 2*r + 2. Let w(s) = 2*s + 2. Let c(m) = n*b(m) + 5*w(m). What is c(3)?
-8
Let n(o) = -21*o - 15. Let k(f) = f + 1. Let c(l) = 18*k(l) + n(l). Let m(u) = u**3 - 10*u**2 - 3. Let r be m(10). Let t be (-4 - -3)*r*-1. What is c(t)?
12
Let m(v) = -2*v - 4. Let f(g) = -g - 2. Suppose -s = 5*b - 3*s - 14, -2*s = -4*b + 10. Let z(j) = b*m(j) - 9*f(j). Determine z(2).
4
Let v(u) = -11*u**2 + 2*u + 1. Let s = 80 - 78. Suppose -2*r - 5*a = s*r - 16, 3*a = 12. Calculate v(r).
-12
Let d(b) = b - 17. Suppose -2*u + 3*l = 2*l, -2*l = 2*u. Determine d(u).
-17
Let l = 15 - 8. Suppose -5*c = -c + 20, -f + l = -c. Let u be (-22)/(-33) + f/6. Let g(o) = 5*o**2 + 2*o - 1. Calculate g(u).
6
Let l(r) = -9*r - 7. Let f(x) = 17*x + 13. Let w = -18 + 20. Suppose -3*b - w*b = -35. Let m(g) = b*l(g) + 4*f(g). Determine m(-3).
-12
Let w(a) = a + 8. Suppose -3*c = -5*h - 20, -15*c + 2*h + 8 = -16*c. Determine w(c).
8
Let g(s) = 1 - 9*s + 1 - 1. Suppose -5*m + 14 = -l, -5*l - 10 = 5*m - 0*l. Suppose -m*k + 4 = -r + k, 2 = 3*r + 5*k. Give g(r).
10
Let p(q) = q + 1. Let m(a) = -2*a - 1. Suppose j - 10 = -j. Let d = j + -8. Let f(x) = d*p(x) - 2*m(x). Calculate f(-5).
-6
Let g(d) = -d + 1. Let h = -48 + 38. Suppose 2*w + 2 = 4*v, -48 = -4*w - 2*v - 3*v. Let p = w + h. Determine g(p).
4
Let n(i) = -i**2 - 4*i. Suppose 2*m + o = -17, 2*o - 38 = 2*m + 3*m. Determine n(m).
-32
Let m(j) = -10*j - 36. Let z be m(12). Let k = z + 153. Let p(f) = -f**3 - 3*f**2 + 2*f + 4. Calculate p(k).
-2
Let b(o) = -3*o - 5*o - 4 + 0*o + 2*o**2. Suppose 86*q - 13*q - 438 = 0. What is b(q)?
20
Let p(g) be the second derivative of -g**3/6 + 15*g**2/2 + 69*g + 2. Determine p(10).
5
Let h(z) be the second derivative of -z**3/6 - 9*z**2 - 28*z + 11. Determine h(0).
-18
Let b = 12136 + -12133. Let f(q) = -q**3 + q**2 + 1. Let c(a) = 6*a**3 - 7*a**2 - 4*a - 3. Let r(g) = c(g) + 4*f(g). Give r(b).
16
Suppose 3*r = s + 2*r + 5, 3*s = 2*r - 11. Suppose 0 = 8*m - 5*m - 6. Let p(a) = -m*a + a**2 - 3*a**2 - 3*a**2 + 4*a**2. What is p(s)?
1
Let d = -193 - -187. Let a(y) = y - 1. Determine a(d).
-7
Suppose -h + 4*x - 26 = 0, 15 + 14 = -4*h + x. Let u(r) = -r**3 - 7*r**2 - 6*r + 9. Give u(h).
9
Let f(n) = 2*n**2 + 8*n - 5. Let s be f(-5). Let y(x) = -x**2 + 5*x - 3. Calculate y(s).
-3
Let m(t) = t**3 + 9*t**2 - 11*t. Let b(r) = r**3 + 8*r**2 - 10*r - 1. Let w(g) = -7*b(g) + 6*m(g). Calculate w(-3).
4
Let x(t) = -11*t**2 + t. Let n = -620 - -621. What is x(n)?
-10
Let d(c) = -c**3 + 9*c**2 - 19*c + 3. Let p be d(6). Let u(y) be the third derivative of -y**6/120 - y**5/15 - y**4/12 + y**3/2 - 3*y**2. Determine u(p).
0
Let b(c) be the second derivative of -c**4/24 - 2*c**3/3 + 29*c**2/2 - 31*c. Let j(f) be the first derivative of b(f). Give j(-6).
2
Let z(i) = 2*i + 4. Let u be z(-4). Let n be (0/(1*u))/2. Let f(j) = -2*j**2 + 5 + j + n*j + 9*j**2 - 3*j**2 - j**3. Calculate f(4).
9
Let q be 4706/195 - (-4)/(-30). Suppose -2*h = 2*h + q. Let t(r) = -r + 1. Let a(u) = -3*u + 3. Let b(p) = a(p) - 2*t(p). What is b(h)?
7
Let r = 245 + -241. Let z(u) = 2*u**2 - 6*u + 6. What is z(r)?
14
Let i(r) be the third derivative of 5*r**4/24 + r**3/2 + 864*r**2. Determine i(4).
23
Let h(w) be the first derivative of -w**4/2 + 13*w**3/3 - 9*w**2/2 + 2*w - 958. Give h(6).
-16
Suppose -8 + 1 = -1270*h + 1263*h. Suppose -4*j + 12 = -x, x - 14 = -5*j + 2*x. Let p(i) = 1 - j*i**2 + 0*i**2 - 3*i**2 - i. Determine p(h).
-5
Suppose -8 + 2 = w + 4*t, 0 = 2*w - t 